
Suppose -31 = -2*f - 5*d, d - 7 + 2 = 0. Suppose -3*c = c - 8. Suppose 3*p - 9 = f*z - 6*z, -c*z = 3*p - 6. What is the units digit of z?
3
Suppose 2*r - 3 = 1. Suppose -75 = -3*d - r*d. Let b = d - 8. What is the units digit of b?
7
Suppose -3*o + 2 = 5, 2*p + 5*o = 93. What is the tens digit of p?
4
Suppose 4*l - 4*z - 80 = 0, 4*l - 3*z + 0*z = 83. Suppose l = 2*v + 1. What is the tens digit of v?
1
Let a be 2 + 1/(-2)*4. Suppose 3*w + a = 3. What is the units digit of w?
1
Let w = 43 - 3. What is the tens digit of w?
4
Suppose -6 - 72 = -3*o - 3*p, -5*p = o - 42. What is the units digit of o?
2
Let k = -6 + 9. Suppose -j = -5*f + 85, k*j - 15 = -f + 2. What is the units digit of f?
7
Suppose -3 + 0 = -3*f. Let l be (f - 0)*-3 + 3. Suppose -4*i + 20 = 3*w - 27, l = 4*w + 2*i - 46. What is the units digit of w?
9
Let p(m) = 2*m - 8. Suppose -2*v + v + 6 = 0. What is the units digit of p(v)?
4
Let f be ((-9)/(-6))/((-9)/(-12)). Suppose 0 = -2*d - f*d + 5*n + 15, 0 = -d + 2*n + 3. What is the units digit of d?
5
Suppose 0 = -2*p - 3*p - 3*g + 2, 8 = 2*g. What is the units digit of (p + 93/(-6))*-2?
5
Let h = -3 - -5. Suppose 25 = h*d + 3*d. Suppose -4*w - 36 = -3*o, d*o - 29 = o - w. What is the units digit of o?
8
Let c be ((-30)/9)/(4/18). Let r = -21 + 1. What is the units digit of (9/2)/(c/r)?
6
Let k = 1 + 11. Let d be (-52)/(-6) - k/18. Suppose 2*n = n + d. What is the units digit of n?
8
Let c(u) = 3*u - 3. Let j be c(3). Let p be 15/j*-4 - -3. Let k = -1 - p. What is the units digit of k?
6
Suppose n - 7 = 5*b + 39, -2*b - 322 = -5*n. What is the tens digit of n?
6
Suppose -5*b + 152 = -b. What is the tens digit of b?
3
Suppose 2*u - 41 = u. What is the tens digit of u?
4
What is the tens digit of 5/(-25) + (-4848)/(-15)?
2
Let k(b) = 8*b**2 - 2*b + 2. What is the units digit of k(4)?
2
Let f(k) = k**3 - 5*k**2 - 6*k - 1. Let l be f(5). Let y = -15 - l. Suppose i - 7 = -5*r + y, 4*r - 18 = -i. What is the units digit of r?
5
Suppose 3*a = -2*g - 67, -3*g + 31 = -5*a - 49. Let m be a/3 - 2/3. What is the units digit of 4/(-14) - 37/m?
5
Suppose 4*l - 5 - 3 = 0. Suppose 0*y - 10 = l*y. Let k(w) = w**3 + 6*w**2 + 3*w - 7. What is the units digit of k(y)?
3
Suppose 50 = 2*l - 118. Suppose 0*c - l = -2*c + i, 5*i + 92 = 2*c. What is the tens digit of c?
4
Let w = 192 + -60. What is the units digit of w?
2
Let g(a) be the first derivative of a**4/4 - 5*a**3/3 + 7*a**2/2 - 4*a - 1. Let z be 6 - (1 + (0 - -1)). What is the units digit of g(z)?
8
Suppose 0 = -y - 2*o + 2, -y - 5*o = -5*y + 34. What is the units digit of (y - (-2 - -2))/1?
6
Suppose -10 = -2*z, v - 2*z - 138 = -v. What is the units digit of v?
4
Suppose -66 = y - 4*y. What is the tens digit of y?
2
Let c(d) = d**3 + 4. Let y be c(0). Suppose -48 = -y*z + 3*w, z - w - 36 = -2*z. What is the tens digit of z?
1
Let z(r) = r**2 - 2*r + 3. Let i be z(5). Let u(a) = 4*a**3 + a + 1. Let f be u(-1). What is the units digit of ((-12)/i)/(f/6)?
1
Let f(b) = -2*b - 7. Let c = -13 - -8. What is the units digit of f(c)?
3
Let m(j) = -j**2 - j - 7 - 2*j + 5*j + 5*j. What is the units digit of m(5)?
3
Suppose 0 = -s + 3, 2*f + 0*s = -5*s + 647. What is the hundreds digit of f?
3
Suppose 0 = -2*v + 5*r + 6, 2*r + 7 = v + 3. Suppose -b + 5 = 0, -5*b = 5*a - 4 - 11. What is the units digit of v/(-20)*5/a?
1
Suppose -4*t + k + 69 = 4*k, -4*t = -5*k - 109. What is the tens digit of t?
2
Suppose -y + 7*y = -24. Let n(i) = i**3 + 2*i**2 - 9*i + 1. What is the units digit of n(y)?
5
Let i = 434 - 209. What is the hundreds digit of i?
2
Let l = 9 - 5. Suppose l*t - 22 = 2*t. What is the units digit of t?
1
Let m = 12 + -13. Let d(t) = 3*t**2 - t. What is the units digit of d(m)?
4
What is the units digit of (-1)/((6/51)/(-2))?
7
Let t = 2 + 5. Let l(b) = 6*b**2 + 9*b + 3. Let u(q) = -5*q**2 - 9*q - 2. Let h(r) = -6*l(r) - 7*u(r). What is the units digit of h(t)?
0
Let i(o) = -o**3 - 6*o**2 + o + 7. Let m be i(-6). What is the units digit of 6 - (0 + -2)*m?
8
Let j(z) = 40*z - 2. Let g be j(1). Suppose -s = -0*s - g. What is the units digit of s?
8
Let j = -2 - -3. Let q = 7 + j. What is the units digit of q?
8
Let q = -14 + 16. Suppose 5*m + k - 17 = 0, 0 = 4*m - 7*m - 4*k. Suppose q = h - m. What is the units digit of h?
6
Let x be 2 + -2 - 12/(-2). Suppose 2*l + 3*m - x = -0*m, 4*m - 8 = -2*l. Suppose 5*p = -f + 20, 5*f = -l*f - 25. What is the units digit of p?
5
Suppose -47*y + 48*y - 209 = 0. What is the tens digit of y?
0
Suppose 4*k + 3*s - s = 4, 0 = k + 4*s - 15. What is the units digit of (-1 - 0)*(k + -1)?
2
Let p(l) = 15*l + 2. What is the tens digit of p(6)?
9
Let w = -1 - -5. Suppose 10 = j + w*j. What is the units digit of (1 - -7)/(0 + j)?
4
Let r = -117 + 322. What is the hundreds digit of r?
2
Suppose 6*p - 579 = -99. What is the tens digit of p?
8
Let q be (11/2)/(10/60). What is the tens digit of 1 + (q/3)/1?
1
What is the tens digit of 11/((-198)/12) + 2895/9?
2
Let z = 42 - 29. Suppose l = -0*s + s - 9, 3*s = -5*l - z. What is the units digit of s?
4
Let h = 80 + 72. What is the tens digit of h?
5
Suppose -y + 0 = a - 2, -5*y = -5*a + 30. Suppose -3*r = -8*r - a*v + 69, 81 = 5*r + v. What is the units digit of r?
7
Let u(a) = -5*a + 2*a + a + 0*a + 2*a**2 - 4. What is the units digit of u(3)?
8
Let c = -20 - -26. What is the units digit of c?
6
Suppose 7*f = 4*f. Let u = 55 + -45. What is the units digit of 0 + 2 + (u - f)?
2
Let i = -91 - -212. What is the tens digit of i?
2
Let t = -21 - -14. Let m = t - -11. Suppose 2*d + 2*k - m = 4*k, k + 14 = 4*d. What is the units digit of d?
4
Let g(h) = 2*h - 7. Let r be g(6). Suppose 2*m + 8 = 0, -4*n + 28 = -r*m + m. What is the units digit of n?
3
Let j(f) = -f + 1. Let h(b) = -3*b + 7. Let k(r) = -h(r) + 4*j(r). Let q be k(-5). Suppose q*i + 1 = 3*i. What is the units digit of i?
1
Let m = -10 + 17. Let z = -14 + m. What is the units digit of (-1 + z)*(-28)/16?
4
Let w(a) = a**2 + a + 5. Let f be w(0). Let r = -1 + 0. Let d = f + r. What is the units digit of d?
4
Let g be (66/9)/(6/9). Let q = g - 9. What is the units digit of q?
2
Suppose 0 = -5*v + 5*s + 1825, -8*s = -10*s - 8. What is the tens digit of v?
6
What is the units digit of 3 - 48/9*-3?
9
Let n = 10 - 9. What is the units digit of n?
1
Let d(f) = 14*f**2 - 4. What is the units digit of d(-2)?
2
Let h be ((-4)/(-7))/(1/7). Suppose 2*j - h*j + 2 = 0. What is the units digit of j?
1
Suppose 182 - 13 = 2*z + 3*b, -2*z = -2*b - 194. What is the units digit of z?
2
Let o(p) = -5*p - 3. Let k be o(11). What is the units digit of k/(-8) + (-24)/(-32)?
8
Suppose 4*v - 175 = 3*v + 3*i, 5*v - i = 875. What is the hundreds digit of v?
1
Let j(i) be the third derivative of -i**4/6 - 7*i**3/6 + 2*i**2. Let m be j(-6). Suppose -16 = -3*b + m. What is the units digit of b?
1
Let n = -224 + 378. What is the hundreds digit of n?
1
Let z(t) = 2*t**3 - 4*t**2 + 3*t + 3. Let s = -1 + 4. Let d be z(s). Suppose 4*y = w + 9 - 39, -3*y + d = 3*w. What is the tens digit of w?
1
Let c be (-1 + 2)/(2/12). Suppose -4*j - 5*o = -23, -j - 5 = -3*o - 32. What is the units digit of (-16)/j*c/(-2)?
4
Suppose -2*l - 9 = -y, -4*y + l + 9 = 1. Suppose 5*f = -g + 3 - y, -4*f = -g + 29. What is the units digit of g?
7
Let t(u) = 3*u**2 + 2*u - 1. Suppose v + 0 = 2. What is the units digit of t(v)?
5
Let n = 11 - 7. Let o be 290/14 + n/14. Suppose -6*k + 7*k - o = 0. What is the tens digit of k?
2
Let w = 75 + -43. What is the tens digit of w?
3
Suppose -3*p - 18 = -3*d, 4*p = -11 - 5. What is the units digit of d?
2
Let g be (-20)/3*3/(-2). What is the units digit of 4/g*(9 - -6)?
6
Let g(x) = x + 5. Let q be g(-7). Suppose -f + 192 = -5*y - 3*f, -5*y = 5*f + 180. What is the units digit of q/5 + (-536)/y?
3
Suppose 3*p + 68 + 16 = 0. Let f = 43 + p. What is the units digit of f?
5
Let q(w) = -2*w - 6. Let f be q(-6). Let v = f + 19. Suppose 0 = a + 4*a - v. What is the units digit of a?
5
Let z be (-2)/((14/8)/(-7)). Suppose -4*x + z*x - 80 = 0. What is the units digit of x?
0
Let s(o) = 2*o**2 + 11*o + 8. Suppose 7*q + 35 = 2*q. What is the units digit of s(q)?
9
Let o = -131 - -59. Let a = 102 + o. What is the units digit of a?
0
Let o = -3 - -3. Suppose 2 = -x - o. Let v = 7 - x. What is the units di